{"id":3465,"date":"2025-02-25T19:33:39","date_gmt":"2025-02-25T16:33:39","guid":{"rendered":"https:\/\/freezedryglobal.com\/?page_id=3465"},"modified":"2025-03-04T12:18:35","modified_gmt":"2025-03-04T09:18:35","slug":"sss","status":"publish","type":"page","link":"https:\/\/freezedryglobal.com\/index.php\/tr\/sss\/","title":{"rendered":"S\u0131k\u00e7a Sorulan Sorular (SSS)"},"content":{"rendered":"\t\t<div data-elementor-type=\"wp-page\" data-elementor-id=\"3465\" class=\"elementor elementor-3465\" data-elementor-settings=\"{&quot;ha_cmc_init_switcher&quot;:&quot;no&quot;}\">\n\t\t\t\t<div class=\"elementor-element elementor-element-2e825a66 e-con-full wps-faq-search-bar e-flex wpr-particle-no wpr-jarallax-no wpr-parallax-no wpr-sticky-section-no wpr-equal-height-no e-con e-parent\" data-id=\"2e825a66\" data-element_type=\"container\" data-e-type=\"container\" data-settings=\"{&quot;_ha_eqh_enable&quot;:false}\">\n\t\t\t\t<div class=\"elementor-element elementor-element-605bdf33 elementor-widget elementor-widget-heading\" data-id=\"605bdf33\" data-element_type=\"widget\" data-e-type=\"widget\" data-widget_type=\"heading.default\">\n\t\t\t\t<div class=\"elementor-widget-container\">\n\t\t\t\t\t<h2 class=\"elementor-heading-title elementor-size-default\">S\u0131k\u00e7a Sorulan Sorular (SSS)<\/h2>\t\t\t\t<\/div>\n\t\t\t\t<\/div>\n\t\t\t\t<div class=\"elementor-element elementor-element-5a5901ce elementor-widget elementor-widget-elementskit-accordion\" data-id=\"5a5901ce\" data-element_type=\"widget\" data-e-type=\"widget\" data-widget_type=\"elementskit-accordion.default\">\n\t\t\t\t<div class=\"elementor-widget-container\">\n\t\t\t\t\t<div class=\"ekit-wid-con\" >\n        <div class=\"elementskit-accordion accoedion-primary\" id=\"accordion-69e0e07009959\">\n\n            \n                <div class=\"elementskit-card active\">\n                    <div class=\"elementskit-card-header\" id=\"primaryHeading-0-5a5901ce\">\n                        <a href=\"#collapse-0018af869e0e07009959\" class=\"ekit-accordion--toggler elementskit-btn-link collapsed\" data-ekit-toggle=\"collapse\" data-target=\"#Collapse-0018af869e0e07009959\" aria-expanded=\"true\" aria-controls=\"Collapse-0018af869e0e07009959\">\n                            \n                                <span class=\"number\"><\/span>\n\n                            \n                            <span class=\"ekit-accordion-title\">Platform ne demek ?<\/span>\n\n                            \n                                <div class=\"ekit_accordion_icon_group\">\n                                    <div class=\"ekit_accordion_normal_icon\">\n                                        <!-- Normal Icon -->\n\t\t\t\t\t\t\t\t\t\t                                    <\/div>\n\n                                    <div class=\"ekit_accordion_active_icon\">\n                                        <!-- Active Icon -->\n\t\t\t\t\t\t\t\t\t\t                                    <\/div>\n                                <\/div>\n\n                            \n                                                    <\/a>\n                    <\/div>\n\n                    <div id=\"Collapse-0018af869e0e07009959\" class=\" show collapse\" aria-labelledby=\"primaryHeading-0-5a5901ce\" data-parent=\"#accordion-69e0e07009959\">\n\n                        <div class=\"elementskit-card-body ekit-accordion--content\">\n                            <p>FDG bir platformdur. \u00c7ift\u00e7ileri, freeze dry makine sahiplerini ve al\u0131c\u0131lar\u0131 bulu\u015fturan bir sistemdir. FDG olarak aradaki ba\u011flant\u0131lar\u0131 sa\u011flamak bizim g\u00f6revimizdir, bu sayede herkes kendi i\u015fine rahat\u00e7a odaklanabilir ve di\u011fer konular\u0131 d\u00fc\u015f\u00fcnmesine gerek kalmaz.<\/p>                        <\/div>\n\n                    <\/div>\n\n                <\/div><!-- .elementskit-card END -->\n\n                \n                <div class=\"elementskit-card \">\n                    <div class=\"elementskit-card-header\" id=\"primaryHeading-1-5a5901ce\">\n                        <a href=\"#collapse-351a94f69e0e07009959\" class=\"ekit-accordion--toggler elementskit-btn-link collapsed\" data-ekit-toggle=\"collapse\" data-target=\"#Collapse-351a94f69e0e07009959\" aria-expanded=\"false\" aria-controls=\"Collapse-351a94f69e0e07009959\">\n                            \n                                <span class=\"number\"><\/span>\n\n                            \n                            <span class=\"ekit-accordion-title\">Bir \u00e7ift\u00e7i olarak neden sizinle \u00e7al\u0131\u015fmal\u0131y\u0131m ?<\/span>\n\n                            \n                                <div class=\"ekit_accordion_icon_group\">\n                                    <div class=\"ekit_accordion_normal_icon\">\n                                        <!-- Normal Icon -->\n\t\t\t\t\t\t\t\t\t\t                                    <\/div>\n\n                                    <div class=\"ekit_accordion_active_icon\">\n                                        <!-- Active Icon -->\n\t\t\t\t\t\t\t\t\t\t                                    <\/div>\n                                <\/div>\n\n                            \n                                                    <\/a>\n                    <\/div>\n\n                    <div id=\"Collapse-351a94f69e0e07009959\" class=\" collapse\" aria-labelledby=\"primaryHeading-1-5a5901ce\" data-parent=\"#accordion-69e0e07009959\">\n\n                        <div class=\"elementskit-card-body ekit-accordion--content\">\n                            <p>E\u011ferki bizimle i\u015fbirli\u011fi yaparsan\u0131z \u00fcr\u00fcnlerinizi toplu olarak satabilme imkan\u0131 bulursunuz. Bu sayede B2B bir i\u015f modeline sahip olursunuz ve k\u0131sa s\u00fcrede y\u00fcksek miktarda \u00fcr\u00fcn sat\u0131\u015f\u0131 yapabilirsiniz. \u00dcr\u00fcnlerin kalite kontrol\u00fc taraf\u0131m\u0131zca yap\u0131lacakt\u0131r ve olumsuz durumlarda size geri d\u00f6n\u00fc\u015f yap\u0131p \u00fcr\u00fcnlerinizi daha iyi hale getirmeniz i\u00e7in bilgilendirme yapabiliriz.<\/p>                        <\/div>\n\n                    <\/div>\n\n                <\/div><!-- .elementskit-card END -->\n\n                \n                <div class=\"elementskit-card \">\n                    <div class=\"elementskit-card-header\" id=\"primaryHeading-2-5a5901ce\">\n                        <a href=\"#collapse-6dfa56b69e0e07009959\" class=\"ekit-accordion--toggler elementskit-btn-link collapsed\" data-ekit-toggle=\"collapse\" data-target=\"#Collapse-6dfa56b69e0e07009959\" aria-expanded=\"false\" aria-controls=\"Collapse-6dfa56b69e0e07009959\">\n                            \n                                <span class=\"number\"><\/span>\n\n                            \n                            <span class=\"ekit-accordion-title\">Bir freeze dry makine sahibi olarak neden sizinle \u00e7al\u0131\u015fmal\u0131y\u0131m ?<\/span>\n\n                            \n                                <div class=\"ekit_accordion_icon_group\">\n                                    <div class=\"ekit_accordion_normal_icon\">\n                                        <!-- Normal Icon -->\n\t\t\t\t\t\t\t\t\t\t                                    <\/div>\n\n                                    <div class=\"ekit_accordion_active_icon\">\n                                        <!-- Active Icon -->\n\t\t\t\t\t\t\t\t\t\t                                    <\/div>\n                                <\/div>\n\n                            \n                                                    <\/a>\n                    <\/div>\n\n                    <div id=\"Collapse-6dfa56b69e0e07009959\" class=\" collapse\" aria-labelledby=\"primaryHeading-2-5a5901ce\" data-parent=\"#accordion-69e0e07009959\">\n\n                        <div class=\"elementskit-card-body ekit-accordion--content\">\n                            <p>\u00a0\u00a0 Bizimle beraber i\u015f birli\u011fi yaparsan\u0131z hammaddeniz olan meyve ve sebzeyi daha ucuza alma imkan\u0131 bulursunuz. Platformumuz siz dahil bir\u00e7ok makine sahibine \u00fcr\u00fcn tedari\u011fi yapt\u0131\u011f\u0131 i\u00e7in toplu olarak al\u0131m yapar ve bu sayede tek ba\u015f\u0131n\u0131za almaktan \u00e7ok daha mant\u0131kl\u0131 bir durum ortaya \u00e7\u0131kar.<\/p><p>\u00a0\u00a0 Ayr\u0131ca deneyimli ekibimiz ile \u00fcretim s\u00fcrecinde size her t\u00fcrl\u00fc teknik deste\u011fi sa\u011flayabiliriz. Hem \u00fcretece\u011finiz \u00fcr\u00fcn \u00e7e\u015fitlerini artt\u0131rmak hem de daha verimli \u00fcretim yapabilmenize destek oluruz. Alaca\u011f\u0131n\u0131z ve sataca\u011f\u0131n\u0131z \u00fcr\u00fcnlerin t\u00fcm testleri taraf\u0131m\u0131zca yap\u0131lacak olup \u015f\u00fcphenin \u00f6n\u00fcne ge\u00e7ebilirsiniz.<\/p><p>\u00a0\u00a0 Son olarak platformumuz b\u00fcnyesinde yer ald\u0131\u011f\u0131n\u0131z taktirde \u00fcr\u00fcnlerinizi satma derdiniz olmaz. Platformumuz siz ve sizin gibi bir\u00e7ok freeze dry makine sahibini birle\u015ftirerek y\u00fcksek adetli sat\u0131\u015flar yapman\u0131za olanak sa\u011flar, bu sayede tek ba\u015f\u0131n\u0131za yapamayaca\u011f\u0131n\u0131z sat\u0131\u015flar\u0131 platformumuz sayesinde yapabilirsiniz.<\/p>                        <\/div>\n\n                    <\/div>\n\n                <\/div><!-- .elementskit-card END -->\n\n                \n                <div class=\"elementskit-card \">\n                    <div class=\"elementskit-card-header\" id=\"primaryHeading-3-5a5901ce\">\n                        <a href=\"#collapse-b437cff69e0e07009959\" class=\"ekit-accordion--toggler elementskit-btn-link collapsed\" data-ekit-toggle=\"collapse\" data-target=\"#Collapse-b437cff69e0e07009959\" aria-expanded=\"false\" aria-controls=\"Collapse-b437cff69e0e07009959\">\n                            \n                                <span class=\"number\"><\/span>\n\n                            \n                            <span class=\"ekit-accordion-title\">Bir al\u0131c\u0131 olarak neden sizden \u00fcr\u00fcn almal\u0131y\u0131m ?<\/span>\n\n                            \n                                <div class=\"ekit_accordion_icon_group\">\n                                    <div class=\"ekit_accordion_normal_icon\">\n                                        <!-- Normal Icon -->\n\t\t\t\t\t\t\t\t\t\t                                    <\/div>\n\n                                    <div class=\"ekit_accordion_active_icon\">\n                                        <!-- Active Icon -->\n\t\t\t\t\t\t\t\t\t\t                                    <\/div>\n                                <\/div>\n\n                            \n                                                    <\/a>\n                    <\/div>\n\n                    <div id=\"Collapse-b437cff69e0e07009959\" class=\" collapse\" aria-labelledby=\"primaryHeading-3-5a5901ce\" data-parent=\"#accordion-69e0e07009959\">\n\n                        <div class=\"elementskit-card-body ekit-accordion--content\">\n                            <p>Platformumuz \u00e7ok say\u0131da \u00fcreticiyi birle\u015ftirdi\u011fi i\u00e7in hammaddelerimizi toplu olarak daha ucuza al\u0131r\u0131z bu sayede daha d\u00fc\u015f\u00fck maliyet ile daha uygun fiyata sizlere freeze dry \u00fcr\u00fcnlerini sunabiliriz.<\/p>                        <\/div>\n\n                    <\/div>\n\n                <\/div><!-- .elementskit-card END -->\n\n                \n                <div class=\"elementskit-card \">\n                    <div class=\"elementskit-card-header\" id=\"primaryHeading-4-5a5901ce\">\n                        <a href=\"#collapse-60d4f4869e0e07009959\" class=\"ekit-accordion--toggler elementskit-btn-link collapsed\" data-ekit-toggle=\"collapse\" data-target=\"#Collapse-60d4f4869e0e07009959\" aria-expanded=\"false\" aria-controls=\"Collapse-60d4f4869e0e07009959\">\n                            \n                                <span class=\"number\"><\/span>\n\n                            \n                            <span class=\"ekit-accordion-title\">Her sipari\u015fimde ayn\u0131 kaliteyi sunacak m\u0131s\u0131n\u0131z ?<\/span>\n\n                            \n                                <div class=\"ekit_accordion_icon_group\">\n                                    <div class=\"ekit_accordion_normal_icon\">\n                                        <!-- Normal Icon -->\n\t\t\t\t\t\t\t\t\t\t                                    <\/div>\n\n                                    <div class=\"ekit_accordion_active_icon\">\n                                        <!-- Active Icon -->\n\t\t\t\t\t\t\t\t\t\t                                    <\/div>\n                                <\/div>\n\n                            \n                                                    <\/a>\n                    <\/div>\n\n                    <div id=\"Collapse-60d4f4869e0e07009959\" class=\" collapse\" aria-labelledby=\"primaryHeading-4-5a5901ce\" data-parent=\"#accordion-69e0e07009959\">\n\n                        <div class=\"elementskit-card-body ekit-accordion--content\">\n                            <p>Evet, \u00e7\u00fcnk\u00fc \u00fcreticilerimiz \u00fcr\u00fcnleri ortak yerlerden al\u0131yorlar. \u00dcr\u00fcnler al\u0131n\u0131rken taraf\u0131m\u0131zca kontrol edildikten sonra \u00fcr\u00fcnler i\u015fleme konuyor. \u00dcretim s\u00fcrecinde de takibe devam ediyoruz. \u00dcr\u00fcnler freeze dried hale getirildikten sonra son kez kalite kontrol testlerine tabi tutuluyor, t\u00fcm \u00fcr\u00fcnler en \u00fcst d\u00fczey kalitede ise sat\u0131\u015fa sunuluyor. Bu sayede her seferinde en \u00fcst kaliteyi al\u0131c\u0131lar ile bulu\u015fturuyoruz.<\/p>                        <\/div>\n\n                    <\/div>\n\n                <\/div><!-- .elementskit-card END -->\n\n                \n                <div class=\"elementskit-card \">\n                    <div class=\"elementskit-card-header\" id=\"primaryHeading-5-5a5901ce\">\n                        <a href=\"#collapse-260eebe69e0e07009959\" class=\"ekit-accordion--toggler elementskit-btn-link collapsed\" data-ekit-toggle=\"collapse\" data-target=\"#Collapse-260eebe69e0e07009959\" aria-expanded=\"false\" aria-controls=\"Collapse-260eebe69e0e07009959\">\n                            \n                                <span class=\"number\"><\/span>\n\n                            \n                            <span class=\"ekit-accordion-title\">B2C olarak m\u0131 \u00e7al\u0131\u015f\u0131yorsunuz yoksa B2B mi ?<\/span>\n\n                            \n                                <div class=\"ekit_accordion_icon_group\">\n                                    <div class=\"ekit_accordion_normal_icon\">\n                                        <!-- Normal Icon -->\n\t\t\t\t\t\t\t\t\t\t                                    <\/div>\n\n                                    <div class=\"ekit_accordion_active_icon\">\n                                        <!-- Active Icon -->\n\t\t\t\t\t\t\t\t\t\t                                    <\/div>\n                                <\/div>\n\n                            \n                                                    <\/a>\n                    <\/div>\n\n                    <div id=\"Collapse-260eebe69e0e07009959\" class=\" collapse\" aria-labelledby=\"primaryHeading-5-5a5901ce\" data-parent=\"#accordion-69e0e07009959\">\n\n                        <div class=\"elementskit-card-body ekit-accordion--content\">\n                            <p>Platformumuzda \u00e7ok say\u0131da \u00fcretici bulundu\u011fu i\u00e7in B2B sat\u0131\u015f yap\u0131yoruz, bu sayede \u00fcretime kesintisiz \u015fekilde devam edebiliyoruz. \u00dcr\u00fcnlerimizi toptan olarak sundu\u011fumuzdan dolay\u0131 en uygun fiyattan \u00fcr\u00fcnlerimize ula\u015fabilirsiniz. \u00dcr\u00fcnleri istedi\u011finiz \u015fekilde isterseniz de markan\u0131z\u0131n ambalaj\u0131 ile k\u00fc\u00e7\u00fck, orta, b\u00fcy\u00fck boy \u015feklinde paketleyebiliriz. Bu \u00fcr\u00fcnleri dilerseniz B2C satarak markan\u0131z\u0131 b\u00fcy\u00fctebilir ve k\u00e2r elde edebilirsiniz.<\/p>                        <\/div>\n\n                    <\/div>\n\n                <\/div><!-- .elementskit-card END -->\n\n                                        <\/div>\n    <\/div>\t\t\t\t<\/div>\n\t\t\t\t<\/div>\n\t\t\t\t<\/div>\n\t\t\t\t<\/div>\n\t\t","protected":false},"excerpt":{"rendered":"<p>S\u0131k\u00e7a Sorulan Sorular (SSS) Platform ne demek ? FDG bir platformdur. \u00c7ift\u00e7ileri, freeze dry makine sahiplerini ve al\u0131c\u0131lar\u0131 bulu\u015fturan bir sistemdir. FDG olarak aradaki ba\u011flant\u0131lar\u0131 sa\u011flamak bizim g\u00f6revimizdir, bu sayede herkes kendi i\u015fine rahat\u00e7a odaklanabilir ve di\u011fer konular\u0131 d\u00fc\u015f\u00fcnmesine gerek kalmaz. Bir \u00e7ift\u00e7i olarak neden sizinle \u00e7al\u0131\u015fmal\u0131y\u0131m ? E\u011ferki bizimle i\u015fbirli\u011fi yaparsan\u0131z \u00fcr\u00fcnlerinizi toplu olarak satabilme imkan\u0131 bulursunuz. Bu sayede B2B bir i\u015f modeline sahip olursunuz ve k\u0131sa s\u00fcrede y\u00fcksek miktarda \u00fcr\u00fcn sat\u0131\u015f\u0131 yapabilirsiniz. \u00dcr\u00fcnlerin kalite kontrol\u00fc taraf\u0131m\u0131zca yap\u0131lacakt\u0131r ve olumsuz durumlarda size geri d\u00f6n\u00fc\u015f yap\u0131p \u00fcr\u00fcnlerinizi daha iyi hale getirmeniz i\u00e7in bilgilendirme yapabiliriz. Bir freeze dry makine sahibi olarak neden sizinle \u00e7al\u0131\u015fmal\u0131y\u0131m ? \u00a0\u00a0 Bizimle beraber i\u015f birli\u011fi yaparsan\u0131z hammaddeniz olan meyve ve sebzeyi daha ucuza alma imkan\u0131 bulursunuz. Platformumuz siz dahil bir\u00e7ok makine sahibine \u00fcr\u00fcn tedari\u011fi yapt\u0131\u011f\u0131 i\u00e7in toplu olarak al\u0131m yapar ve bu sayede tek ba\u015f\u0131n\u0131za almaktan \u00e7ok daha mant\u0131kl\u0131 bir durum ortaya \u00e7\u0131kar. \u00a0\u00a0 Ayr\u0131ca deneyimli ekibimiz ile \u00fcretim s\u00fcrecinde size her t\u00fcrl\u00fc teknik deste\u011fi sa\u011flayabiliriz. Hem \u00fcretece\u011finiz \u00fcr\u00fcn \u00e7e\u015fitlerini artt\u0131rmak hem de daha verimli \u00fcretim yapabilmenize destek oluruz. Alaca\u011f\u0131n\u0131z ve sataca\u011f\u0131n\u0131z \u00fcr\u00fcnlerin t\u00fcm testleri taraf\u0131m\u0131zca yap\u0131lacak olup \u015f\u00fcphenin \u00f6n\u00fcne ge\u00e7ebilirsiniz. \u00a0\u00a0 Son olarak platformumuz b\u00fcnyesinde yer ald\u0131\u011f\u0131n\u0131z taktirde \u00fcr\u00fcnlerinizi satma derdiniz olmaz. Platformumuz siz ve sizin gibi bir\u00e7ok freeze dry makine sahibini birle\u015ftirerek y\u00fcksek adetli sat\u0131\u015flar yapman\u0131za olanak sa\u011flar, bu sayede tek ba\u015f\u0131n\u0131za yapamayaca\u011f\u0131n\u0131z sat\u0131\u015flar\u0131 platformumuz sayesinde yapabilirsiniz. Bir al\u0131c\u0131 olarak neden sizden \u00fcr\u00fcn almal\u0131y\u0131m ? Platformumuz \u00e7ok say\u0131da \u00fcreticiyi birle\u015ftirdi\u011fi i\u00e7in hammaddelerimizi toplu olarak daha ucuza al\u0131r\u0131z bu sayede daha d\u00fc\u015f\u00fck maliyet ile daha uygun fiyata sizlere freeze dry \u00fcr\u00fcnlerini sunabiliriz. Her sipari\u015fimde ayn\u0131 kaliteyi sunacak m\u0131s\u0131n\u0131z ? Evet, \u00e7\u00fcnk\u00fc \u00fcreticilerimiz \u00fcr\u00fcnleri ortak yerlerden al\u0131yorlar. \u00dcr\u00fcnler al\u0131n\u0131rken taraf\u0131m\u0131zca kontrol edildikten sonra \u00fcr\u00fcnler i\u015fleme konuyor. \u00dcretim s\u00fcrecinde de takibe devam ediyoruz. \u00dcr\u00fcnler freeze dried hale getirildikten sonra son kez kalite kontrol testlerine tabi tutuluyor, t\u00fcm \u00fcr\u00fcnler en \u00fcst d\u00fczey kalitede ise sat\u0131\u015fa sunuluyor. Bu sayede her seferinde en \u00fcst kaliteyi al\u0131c\u0131lar ile bulu\u015fturuyoruz. B2C olarak m\u0131 \u00e7al\u0131\u015f\u0131yorsunuz yoksa B2B mi ? Platformumuzda \u00e7ok say\u0131da \u00fcretici bulundu\u011fu i\u00e7in B2B sat\u0131\u015f yap\u0131yoruz, bu sayede \u00fcretime kesintisiz \u015fekilde devam edebiliyoruz. \u00dcr\u00fcnlerimizi toptan olarak sundu\u011fumuzdan dolay\u0131 en uygun fiyattan \u00fcr\u00fcnlerimize ula\u015fabilirsiniz. \u00dcr\u00fcnleri istedi\u011finiz \u015fekilde isterseniz de markan\u0131z\u0131n ambalaj\u0131 ile k\u00fc\u00e7\u00fck, orta, b\u00fcy\u00fck boy \u015feklinde paketleyebiliriz. Bu \u00fcr\u00fcnleri dilerseniz B2C satarak markan\u0131z\u0131 b\u00fcy\u00fctebilir ve k\u00e2r elde edebilirsiniz.<\/p>\n","protected":false},"author":1,"featured_media":0,"parent":0,"menu_order":0,"comment_status":"closed","ping_status":"closed","template":"","meta":{"footnotes":""},"class_list":["post-3465","page","type-page","status-publish","hentry"],"_links":{"self":[{"href":"https:\/\/freezedryglobal.com\/index.php\/wp-json\/wp\/v2\/pages\/3465","targetHints":{"allow":["GET"]}}],"collection":[{"href":"https:\/\/freezedryglobal.com\/index.php\/wp-json\/wp\/v2\/pages"}],"about":[{"href":"https:\/\/freezedryglobal.com\/index.php\/wp-json\/wp\/v2\/types\/page"}],"author":[{"embeddable":true,"href":"https:\/\/freezedryglobal.com\/index.php\/wp-json\/wp\/v2\/users\/1"}],"replies":[{"embeddable":true,"href":"https:\/\/freezedryglobal.com\/index.php\/wp-json\/wp\/v2\/comments?post=3465"}],"version-history":[{"count":34,"href":"https:\/\/freezedryglobal.com\/index.php\/wp-json\/wp\/v2\/pages\/3465\/revisions"}],"predecessor-version":[{"id":4301,"href":"https:\/\/freezedryglobal.com\/index.php\/wp-json\/wp\/v2\/pages\/3465\/revisions\/4301"}],"wp:attachment":[{"href":"https:\/\/freezedryglobal.com\/index.php\/wp-json\/wp\/v2\/media?parent=3465"}],"curies":[{"name":"wp","href":"https:\/\/api.w.org\/{rel}","templated":true}]}}